inder when c is divided by 15?
14
Suppose -5*d + 0 + 205 = 0. Calculate the remainder when d is divided by 21.
20
Suppose 3 = 2*t - t. Suppose -4*p = -12, -2*r - 3*r - 2*p + 191 = 0. Calculate the remainder when r is divided by 1 + 9 - 0/t.
7
Let t(o) = 2*o**3 + o**2 + 3*o - 1. Let i be t(-3). Let v = 85 + i. Let b(u) = -9*u - 1. What is the remainder when v is divided by b(-1)?
6
What is the remainder when 169 is divided by 3/(-15) + (-402)/(-10) + 3?
40
Let b(u) = -4*u + 4. What is the remainder when b(-9) is divided by 21?
19
Suppose 5*h + 45 = -5*j + 10, 16 = -4*h + 2*j. Let b(n) = -8*n + 6. Calculate the remainder when b(h) is divided by 16.
14
Let k be (2 - 0)/(2/14). Suppose 0*p = -p + k. What is the remainder when p is divided by 34/6 - 2/3?
4
Suppose -5*r - 5*z + 10 = 0, 3*r = r + 2*z. Let m = 4 + r. Suppose 41 + 59 = m*n. What is the remainder when n is divided by 11?
9
Let v = -11 - -33. What is the remainder when 107 is divided by v?
19
Let i(a) = -a**2 + 21*a + 17. What is the remainder when 45 is divided by i(21)?
11
Let r(j) = 19*j - 40. What is the remainder when 84 is divided by r(3)?
16
Let i be ((-32)/48)/((-2)/396). Suppose -4*k + 5*l + i = 0, -2*l = -5*k + 221 - 39. Calculate the remainder when k is divided by 21.
17
Suppose 4*p - 1 = 31. What is the remainder when 14 is divided by p?
6
Let j = 0 - -1. What is the remainder when (742/(-28))/(1/(-2)) is divided by 15/j + 2 - -1?
17
Let k be 4/(-5)*75/(-2). Calculate the remainder when 37 is divided by k/4*8/3.
17
Suppose -1370 = -5*g + 3*c - 461, -2*c - 546 = -3*g. Suppose -h = -5*y - 42, h = -4*h - 5*y + g. What is the remainder when h is divided by 19?
18
Let q = 17 + -7. Let g be (-334)/(-6) + (-4)/6. Suppose g + 29 = 3*b. Calculate the remainder when b is divided by q.
8
Let s = 4 - 1. Suppose 3*g = 3*k + 30, 25 = s*k + 2*k. What is the remainder when 43 is divided by g?
13
Suppose -l = 3*p - 12, -6 = -3*p - p + 2*l. Suppose 6 = i + p*m, -3*i + 7 = -3*m - 35. Calculate the remainder when 46 is divided by i.
10
Suppose 0 = y + 5, 3*o = y - 2*y + 19. Calculate the remainder when 63 is divided by o.
7
Suppose -z + 4*i = -0*i + 1, 3*z - 12 = -3*i. Suppose -z*t = d + 11, -2*d - 15 = 5*t + 8. What is the remainder when (1 - d)*26/6 is divided by 17?
14
Let i be (4 + -2)*(-1 + 2). Let l be -3*(1 + -1*i). Calculate the remainder when 10 is divided by -2 + 9 - (l - 2).
4
Suppose -2*x + 60 = 3*x. Suppose 7*b - 3*b = x. What is the remainder when 6 is divided by b?
0
Let h(q) = 17*q - 4 + 2 - 4*q - 5. Calculate the remainder when h(5) is divided by 15.
13
Calculate the remainder when 11 is divided by (2 - 1) + -4 + 7.
3
Calculate the remainder when 22 is divided by 4/6 - (-286)/39.
6
Let v be -7 + -4 + 2 + -2. Let b = 13 - v. Calculate the remainder when b is divided by 9.
6
Let r(h) = -5*h - 5. Calculate the remainder when 17 is divided by r(-3).
7
Let g(j) = -j**3 + 6*j**2 + j. Let r be (-4)/14 + (-88)/(-14). Let i be g(r). Let o = i + -2. Calculate the remainder when 6 is divided by o.
2
Suppose -5*z = 5*o - 0*o - 55, -5*o + 95 = -5*z. Suppose 0 = -5*t + 31 + 34. Suppose 29 = x - t. What is the remainder when x is divided by o?
12
Suppose -o - 4*o = -60. Calculate the remainder when (-1)/(-5) + (-896)/(-20) is divided by o.
9
Let y = 286 + -141. What is the remainder when y is divided by 37?
34
Calculate the remainder when 105 is divided by 23/1 + 2 + 2.
24
Let y(h) = 3*h - 10. Suppose -2*b - 4*i + 1 = b, -4*i - 27 = -b. Calculate the remainder when 40 is divided by y(b).
7
Suppose 3 = 2*g - 3. Suppose 0*i = g*i + 2*q - 94, 4*i - 117 = -q. Suppose -4*p + 2*f = -38, 4*f = 4*p - p - 26. Calculate the remainder when i is divided by p.
8
Suppose -258 = 3*n - 3*o + 531, 12 = 4*o. Calculate the remainder when 0 - 2 - n/4 is divided by 16.
15
Let k be 8/6*(-18)/(-4). Suppose -p = 2*p - k. What is the remainder when p is divided by 1?
0
Let i = 12 + -5. What is the remainder when 0/4 + 2 - -10 is divided by i?
5
Calculate the remainder when 57 is divided by 6/4*(6 - -4).
12
Let f(n) = 2*n + 9. Let u be f(-6). Let w = 4 + u. Calculate the remainder when 2 is divided by w.
0
Suppose 0 = -0*m - m. Let g(n) = -n**2 - 8*n - 6. Let d be g(-7). What is the remainder when 5 - m*(-1)/d is divided by 3?
2
Let n = 37 + -30. Let c(x) = 5*x**3 - x**2 - 2. Calculate the remainder when c(2) is divided by n.
6
Let z = -126 + 206. Suppose -4*y = -4*t + z, 4*y - y = -4*t + 108. What is the remainder when 69 is divided by t?
21
Let l(b) = -b**3 + 8*b**2 - 6*b - 5. Let y be l(7). Let i(g) = -19*g + 3. Let w be i(y). Calculate the remainder when (-1635)/w - 4/(-14) is divided by 12.
11
Let y(z) = -z**3 + 8*z**2 + 3*z + 4. What is the remainder when y(7) is divided by 19?
17
Suppose x - 4 - 2 = 0. Let w = 34 + -21. Suppose 0*a - w = -a - 5*r, 0 = -3*a - 4*r + 17. What is the remainder when x is divided by a?
0
Let l(c) = 33*c - 44. What is the remainder when l(5) is divided by 25?
21
Suppose -2*l + 0*l - 4*d = -24, 2*d = 2*l - 36. Calculate the remainder when (41/(-2))/((-4)/l) is divided by 21.
19
Let v = -75 - -91. Calculate the remainder when 27 is divided by v.
11
Suppose -14 - 10 = -3*s. Let f = 13 - s. Suppose -f*t - 4*v = -60, -4 + 21 = -t + 5*v. What is the remainder when 22 is divided by t?
6
Let d(n) = -n**3 + 6*n**2 - 5*n. Let k be d(5). What is the remainder when 129/6*(2 - k) is divided by (-4)/8*-11*4?
21
Let x(y) = y**2 - 2*y - 8. Calculate the remainder when x(8) is divided by 11.
7
Let h = 10 - 8. Suppose h*q = -3*f + 111, -165 = -2*q - q - 4*f. What is the remainder when q is divided by 1/(-3) + (-160)/(-12)?
12
Let b(l) = 9*l - 2. What is the remainder when 74 is divided by b(3)?
24
Suppose -1 + 4 = -3*x. Let w(o) = 9*o**2. Let a(y) = 16*y + 1. Calculate the remainder when a(1) is divided by w(x).
8
Suppose -2*s = 4*u - 12, 0*u - 3*u = -6. Let c be (s*1)/(2 - 1). Suppose 2*y = b + 19, c*y - 3*y + b = -11. Calculate the remainder when 15 is divided by y.
7
Let p = -98 - -109. Calculate the remainder when 18 is divided by p.
7
Let c(y) = y - 15. Let d be c(7). Let z be (-5 + 1)*34/d. Suppose -2*f - 1 = -z. What is the remainder when f is divided by 5?
3
Suppose -t + 18 + 58 = 0. Let u = -50 + t. What is the remainder when u is divided by (-13 - -1)*(-3)/4?
8
Suppose -2 = -0*n - n. Suppose 4*v = n + 2. What is the remainder when ((-3)/4)/(((-45)/20)/9) is divided by v?
0
Suppose -2*w - 154 = -24*w. Calculate the remainder when w is divided by ((-1)/(-1) - 1) + 5.
2
Suppose 0 = 5*s - 4*i - 152, -s + 6*s + i = 137. Suppose s = 2*l - z - 5, l + 3*z = -1. Suppose -212 = -t - 3*t. Calculate the remainder when t is divided by l.
11
Let l = 25 - -8. Let h(n) = -10*n - 1. Let i be h(-1). Suppose 3*x = 42 + i. What is the remainder when l is divided by x?
16
Suppose -3*v + 48 = -45. What is the remainder when v is divided by 612/54 - -1*(-2)/6?
9
Let c(m) = 2*m**3 - m. Calculate the remainder when 40 is divided by c(2).
12
Suppose 6*i - 76 = 50. Calculate the remainder when 80 is divided by i.
17
Let j(a) = -4*a - 6. Let x(q) = -q**2 - 12*q + 7. Calculate the remainder when x(-6) is divided by j(-7).
21
Suppose -452 + 60 = 4*a. Let w = a - -143. Calculate the remainder when w is divided by 12.
9
Let j(r) = r**3 - 9*r**2 + 10*r + 4. Let f(s) = -s**2 + 14*s - 9. What is the remainder when f(8) is divided by j(8)?
19
Suppose 4*w - 555 = -3. Suppose -4*u + w = -50. What is the remainder when u is divided by 12?
11
Let s = 10 - 7. Let a(h) = -h + 7. What is the remainder when 11 is divided by a(s)?
3
Suppose -4*c + 363 - 70 = -u, -5*u = -c + 78. What is the remainder when c is divided by 11?
7
Suppose 0*y = 4*y - 52. Let z be 3*(-1)/((-1)/1). Calculate the remainder when -4*((-114)/4)/z is divided by y.
12
Suppose 0 = 4*k - 11 - 9. Suppose -k*y = -2*v - 10, v + 9 = 4. Suppose -4*t - 10 = -2*t - 4*f, y = -4*t + f + 8. Calculate the remainder when 4 is divided by t.
1
Let c = 22 + -36. Let t = -9 - c. What is the remainder when t is divided by 3?
2
Suppose 2*x + 24 = 3*h - 14, -20 = -h - 3*x. Calculate the remainder when 25 is divided by h.
11
Suppose 0 = 2*g - o - 0 - 13, -5*o + 25 = 0. Suppose -q - 14 = -9*l + 4*l, -5*l + 18 = 3*q. Calculate the remainder when g is divided by l.
0
Let y be (1 + -1)/(